5/3*f**3 + 0*f + 7/60*f**5 + f**2. What is s(t)?
-3
Suppose -5*w + 29 - 119 = 2*g, -4*g = -4*w - 100. Let y = w - -17. Let j(t) be the first derivative of t**2/2 + t + 1. Calculate j(y).
-2
Suppose 7*k - 3*k - 52 = 0. Suppose 0 = 2*p + 5*n - n - 6, -5*p = -4*n + k. Let x(f) be the third derivative of 11*f**4/24 + f**3/6 + 4*f**2. Give x(p).
-10
Let h(b) = -2*b. Suppose 0 = 2*f - 4 - 0. Let t(w) = 5*w + 167. Let k be t(-33). Suppose k*r - 4 = 2*l + 2, f*l + 8 = 0. What is h(r)?
2
Let v = -9 - -9. Suppose c + v*c + 13 = 0. Let k = 15 + c. Let f(n) = 2*n**3 - 4*n**2 + 3*n - 2. Determine f(k).
4
Let r(a) = 5*a - 8. Let n(q) = -5*q + 5. Let c(o) = -3*n(o) - 4*r(o). What is c(4)?
-3
Let s(r) be the third derivative of r**4/6 + r**3/3 + r**2. Let t = 240 + -244. What is s(t)?
-14
Let i(z) = -2*z + 19. Let h be ((-66)/10)/(144/(-240)). Give i(h).
-3
Let d(z) = 1 + 1 - 5 + 4*z + 1 + 3*z. Determine d(-2).
-16
Let p(u) = 2*u**2 + u + 13. Let b be p(-4). Let f = b + -42. Let v(r) = 5*r + 1. Determine v(f).
-4
Let k(l) be the first derivative of 1/2*l**2 - 23 - 9*l. Calculate k(9).
0
Let h(u) = -u**3 - 5*u**2 - 2*u + 1. Suppose 0 = -i + 24 - 52. Let k be (-7)/(i/6)*-2. Determine h(k).
-11
Let v(l) = -l**3 - l**2 + 3*l - 3. Let k be 13 - (-3)/(-4 - -1). Suppose -5*b + 8 = -k. Let s(g) = g**3 - 3*g**2 - 3*g - 2. Let m be s(b). What is v(m)?
-9
Let f(j) = -3*j - 27. Let c(a) = 18 + 71*a - 145*a + 76*a. Let o(h) = -7*c(h) - 5*f(h). Determine o(-4).
5
Let w(r) = 9*r**2 - 11*r - 24. Let j(p) = 2*p**2 - p. Let h(n) = -4*j(n) + w(n). What is h(10)?
6
Let g be (-57)/(-7) - 6/42. Suppose 0 = -g*n + 15 + 25. Let j(t) = t**3 - 6*t**2 + 6*t + 3. What is j(n)?
8
Suppose 0 = 3*h - 2*h + 3*j - 2, -5*h - j + 24 = 0. Let c(r) = h*r**2 - 8*r - 110*r**3 - 5 + 51*r**3 + 60*r**3. Calculate c(-6).
7
Let g(f) be the second derivative of f**3/3 + 7*f**2 + 2*f + 10. What is g(-10)?
-6
Let h(u) be the third derivative of u**4/24 - u**3/3 - 4*u**2. Determine h(7).
5
Let l be 2/(-1 - (3 - 2)). Suppose 4*d + 3*o + 33 = -2*o, -4*o = -5*d - 31. Let x = l - d. Let t(i) = i**3 - 7*i**2 + 8*i - 3. Determine t(x).
9
Suppose 22*s - 43*s - 546 = 0. Let j(p) = -p**2 - 29*p - 72. What is j(s)?
6
Let x(o) = o**3 + 4*o**2 - 5*o - 3. Let y be x(-4). Let r = y - 4. Let a(d) = 0*d**3 + 2*d**3 + 7*d + 7*d - r*d. Calculate a(1).
3
Let p(w) be the third derivative of w**6/60 + w**5/20 - w**4/8 + w**3/3 + 2*w**2. Let i be (18/30)/(3/(-15)). Determine p(i).
-16
Let p(c) = c**2 + c + 2. Let b be p(2). Let s(o) = -o**3 + 8*o**2 + o - 9. Let t be s(b). Let r(u) = 6*u**2 - u - 1. Give r(t).
6
Let i = -330 + 339. Let q(b) = -b - 4. Calculate q(i).
-13
Let s(b) = 42 + 3*b - 21 - 21. Determine s(-3).
-9
Let z(s) be the third derivative of s**6/120 + s**5/12 + s**4/24 + s**3 + 2*s**2 + 3*s. Calculate z(-5).
1
Let g(p) = -p**2 - 7*p - 9. Suppose -10*c = -5*c - 15. Suppose s - c*o + 26 = -s, 0 = -3*o + 12. Calculate g(s).
-9
Let z = 18 - 25. Let p(f) = -5*f - 7. Let v(q) = 6*q + 7. Let t(x) = 7*p(x) + 6*v(x). What is t(z)?
-14
Let h(t) = -4*t**2 - 21*t - 5. Let l be 264/(-22)*(0 - -2)/6. Calculate h(l).
15
Let m(n) = -17*n + 29. Let w be m(3). Let u = 18 + w. Let x(j) = j + 2. What is x(u)?
-2
Let a(q) = 4*q + 30. Let v be (2 - 20/(-6))/((-16)/24). Calculate a(v).
-2
Let c(n) = n**3 + 7*n**2 - 7*n + 11. Let z(a) = -2*a**3 - 13*a**2 + 14*a - 22. Let g(l) = -5*c(l) - 2*z(l). Determine g(-10).
19
Let u = 34 - 38. Let v be 6/u + 10/(-20). Let q(r) = -2*r**2 - 2*r - 3. Give q(v).
-7
Let t(i) = -2*i - 14. Let v = -170 - -160. What is t(v)?
6
Let d(s) be the first derivative of -s**3/3 - s**2/2 - s + 51. Let h = -79 + 81. Give d(h).
-7
Suppose 2*n = -4*m + 3*m - 2, 4 = 2*m. Suppose 5*z - 4*j - 20 = 0, 2*j - 5 = j. Let b(p) = 3*p - 3 + 0*p + 2 - z*p. Determine b(n).
9
Let h be (-2)/6*-1 + (-602)/(-129). Let i(m) = -m**2 + 8*m - 15. Determine i(h).
0
Let d(b) be the third derivative of 0 + 0*b - 1/24*b**4 + 1/6*b**3 - 2*b**2. Let r = 2391 + -2392. Calculate d(r).
2
Let q(h) = -h + 11. Let g be q(9). Let u(x) = 6 - 5 + 3*x**2 + g - 4*x. Let w = -93 - -95. Determine u(w).
7
Let f be (-2)/7 + (-10)/(-35). Let h be (-16)/(-12)*(-3)/(-4). Let i(l) = l**2 - h - 2*l**2 - 7 + l. Calculate i(f).
-8
Let q(n) = -n**2 - 7*n + 8. Let w = -28 + 31. Let f(h) = 7*h - 7. Let v(x) = w*f(x) + 2*q(x). Determine v(4).
-9
Suppose 9*d - 4*d = 25. Let h(a) = a - 10. Give h(d).
-5
Let r(c) = 42*c**2 - c. Let u be (-9)/2 - -3 - (-25)/10. Determine r(u).
41
Let u(m) = -11*m**2 + 1 + 0*m - 7*m**3 + 10*m**2 - m. Let n = 3 + -8. Let r(y) = y**2 + 4*y - 4. Let w be r(n). What is u(w)?
-8
Let q(c) be the second derivative of -c**3/6 - 6*c**2 + 55*c + 1. What is q(9)?
-21
Let s(j) be the second derivative of -j**3/3 + 21*j**2/2 - 904*j. What is s(16)?
-11
Let x(i) be the first derivative of i**4/12 + i**3/6 + 3*i**2 + 17*i + 26. Let r(f) be the first derivative of x(f). What is r(0)?
6
Let r be 3/(5/((-25)/(-15))). Let b(j) = -2*j**2 + 2. Let l(f) = f + 1. Let z(g) = r*b(g) - 4*l(g). Suppose -3*d + 2 = -2*q - 2*d, 8 = -5*q + d. Determine z(q).
-2
Suppose 0*f - 9 = -3*f. Suppose 4*r - f = 1. Suppose 0 = -t + 3 + r. Let p(n) = -n + 2. Determine p(t).
-2
Let g(c) = -c**3 + 2*c**2 - c - 2. Let w(r) = 3*r**3 + 2*r**2 - r. Let x be w(1). Let y be (-1)/((-82)/20 + x). Let o = -12 + y. Determine g(o).
16
Let b = -6 - -4. Let h be (b/(-5))/(2/15). Suppose -2 - h = g. Let u(j) = -j**3 - 6*j**2 - 3*j + 6. Calculate u(g).
-4
Let q(l) = -29*l + 1. Suppose 7 = -3*g + 4. Calculate q(g).
30
Let m(d) be the third derivative of d**5/60 + 7*d**4/24 + d**3 + 18*d**2 - 1. Determine m(-7).
6
Let d(a) = -2*a + 9. Suppose 451 = 7*p + 353. Determine d(p).
-19
Let o(q) = 6*q**2 - q - 4. Let r(s) = 11*s**2 - 2*s - 8. Let p(x) = 7*o(x) - 4*r(x). Suppose 5*z + 3*i = 15, 4*z - 9*z + 15 = -5*i. Determine p(z).
-11
Let k(q) = -q**2 + 5*q - 1. Suppose -5*f - 25 = 0, -2*c + 32 = -5*c - 4*f. Give k(c).
-37
Let p(n) be the second derivative of 5*n**3/6 - n**2/2 - 2*n. Let m be 3/2 - 4/8*-9. Suppose -3*o + 2*q = -m*o + 3, 4*o + 3*q = 5. Give p(o).
-6
Let l(a) be the second derivative of -a**7/840 - a**6/40 + a**5/12 - a**4/3 + 15*a**3/2 - a - 6. Let p(z) be the second derivative of l(z). Calculate p(-10).
-8
Suppose -4*x - 45 = -33. Let q be (x*2 + 2)*-1 + -7. Let d(h) = -2*h - 2. Give d(q).
4
Suppose 8*s - 2*s - 90 = 0. Let g = s - 16. Let t(p) = -13*p**2 + 2*p + 1. Determine t(g).
-14
Let s = 11 - 6. Let z(m) = 13*m + 7. Let a(h) = 15*h + 8. Suppose 12*t + 30 = 6*t. Let p(q) = t*a(q) + 6*z(q). Give p(s).
17
Let w = 17 + -15. Let o(c) = -c**2 + 3*c - 3. Let r(b) = -5*b**2 + 12*b - 13. Let g(a) = w*r(a) - 9*o(a). Determine g(-5).
-9
Let l(g) = 12*g**3 + 3*g**2 + 4*g + 1. Let s(x) = -10*x**3 - 2*x**2 - 2*x - 1. Let c(p) = 2*l(p) + 3*s(p). Give c(1).
-5
Let h(o) = 2*o + 27. Let j(d) = -d - 12. Let x(y) = 4*h(y) + 9*j(y). Let m be 2/(-6) - 68/12. Let p be (-1 + -2)/(m/(-8)). Give x(p).
4
Let m be (-54)/(-10) - 2/5. Let f(t) = -16*t - 1. Let s(a) = 78*a - 41*a - 40*a. Let p(o) = -6*f(o) + 33*s(o). Determine p(m).
-9
Let q(y) = 20 - y + 30 - 61 + 31. Calculate q(8).
12
Suppose -5*t + 18 + 2 = 5*d, 4*t = -2*d. Let h(k) = d*k**2 + 2 - 3*k + 13*k**2 - 20*k**2. Calculate h(4).
6
Let q(i) = 16*i**2 - 6*i - 20. Let k(f) be the first derivative of -5*f**3/3 + f**2 + 7*f - 3. Let j(p) = -17*k(p) - 6*q(p). What is j(-1)?
-12
Let m(h) be the first derivative of h**3/3 + 5*h**2 - 8*h + 34. Calculate m(-10).
-8
Suppose -108 = 9*l - 13*l. Let y(q) = 10*q - 3 + 15*q - l*q. Give y(-5).
7
Suppose 5*j + 18*h = 14*h + 18, -3*j + 16 = 5*h. Let x(b) = -b**3 - b**2 - 2*b + 1. Calculate x(j).
-15
Let y be (90/(-60))/(6/4). Let c(w) = -7*w**2 - w. Calculate c(y).
-6
Let k(d) = -24*d + 12. Let u(x) = 2*x - 1. Let i(c) = -k(c) - 15*u(c). Calculate i(4).
-21
Let z(i) = -4*i**2 - 2*i + 25. Let q(v) = -5*v**2 - 3*v + 26. Let w(l) = 3*q(l) - 4*z(l). Calculate w(0).
-22
Let z = 0 + 8. Suppose -2*x - 2*x + z = 0. Let w(s) = -5*s**3 - 9 - x*s**2 - 5*s**2 + 4*s**3 - 6*s. Determine w(-6).
-9
Suppose p + 3*v - 72 = 0, 2*v + 3 = 1. Let z = 77 - p. Let f(j) = -j**3 + j**2 + 3*j - 1. Give f(z).
1
Let y(i) = -6*i - 11. Let d(h) = h + 6. Let c(g) = -5*d(g) - y(g). Calculate c(11).
-8
Let y(k) = -k**3 + k**2 - 4*k + 3. Let m(d) = d*